+ 6*k - 5*v - 48 = 0. Suppose 0 = k*w - 106 - 1896. What is the highest common factor of w and 13?
13
Let a be 1131/10 - 51/510. Suppose 6*o - 509 = -a. Calculate the greatest common factor of 506 and o.
22
Suppose 5*i = -4*c + 366, -4*i = 4*c + 6 - 294. Calculate the highest common divisor of 17940 and i.
78
Suppose -4*m - 65 = 5*u, -3*m + 0*m = -2*u - 3. Let f be 6*2/u*-3. Suppose -f - 2 = -a. What is the highest common factor of 30 and a?
6
Suppose -37 = -5*v + 88. Let g = -2 + 4. Suppose -3*u + g*u + 25 = 0. What is the highest common factor of u and v?
25
Let c = 700 + -697. Suppose 0 = -5*m - 3*s + 26 + 29, -m + c*s = -11. What is the greatest common divisor of 209 and m?
11
Suppose 2*p = 7*p - 175. Let o = 318 + -458. Let m be -1 + 103/7 + (-40)/o. Calculate the greatest common factor of p and m.
7
Let y(n) = -6*n. Let k be y(-2). Let c(q) = -3*q**2 + 15*q - 18. Let x be c(6). Let s = x + 96. What is the greatest common divisor of k and s?
12
Suppose -4*j - 5*o + 703 = -488, j = o + 309. Calculate the greatest common factor of 437 and j.
19
Let l be 67 + (-256)/(28 + -20). Let d(u) be the first derivative of -u**4/4 - u**2/2 + 21*u + 2. Let o be d(0). Calculate the highest common factor of l and o.
7
Let r = 53 + 70. Suppose 4*f + 3 = r. Suppose -3*b = -5*b - 3*o + 16, 0 = -4*b - 3*o + 26. What is the highest common divisor of b and f?
5
Suppose 0 = -3*a - 3*g + 48, 3*g - 8*g = 10. Let h be ((-4917)/(-99))/((-2)/(-6)). Let k = 167 - h. What is the highest common divisor of a and k?
18
Let m(v) = 27*v - 2. Let q be m(6). Let i = 9669 - 9549. What is the highest common divisor of q and i?
40
Let x(c) = 157*c**2 - 933*c - 14. Let l be x(6). What is the greatest common factor of 768 and l?
8
Suppose 15 = -3*p, -2*v + 2*p + 6 = -34. What is the highest common factor of 141 and v?
3
Let o be ((-2)/(-5))/((-84)/105)*(24 - 1126). Suppose -2*t + t - 77 = -4*c, -2 = 2*t. What is the highest common divisor of o and c?
19
Let b = -253 - -265. Let t be 4/((b/(-13))/(-6)). Calculate the highest common divisor of 1274 and t.
26
Let q = 5203 - -3077. Calculate the highest common factor of 23 and q.
23
Let o(k) = 27*k**2 - 51*k - 330. Let f be o(11). What is the highest common divisor of f and 616?
88
Let u(r) = -r**3 - 32*r**2 - 32*r - 17. Let v be u(-31). Suppose 0 = 2*d + b - 18, 0 = -4*d + 5*b + 4 + 46. What is the greatest common factor of v and d?
2
Let k = 5 - 5. Suppose 4*s - 12 + 4 = k. Let y be (119/21)/(s/12) + -1. What is the highest common factor of 11 and y?
11
Suppose -u + 4*c = -66 + 11, -2*c - 10 = 0. Let g(j) = j**2 + 7*j - 16. Let z be g(-9). Suppose z*p - 25 = 3. What is the highest common factor of p and u?
7
Suppose 7*d - 9*d - 400 = 0. Let j be -1 + 0 - (d - -2)/2. Suppose -2*t = -r - 3 - 52, 2*r - j = -4*t. Calculate the greatest common divisor of 208 and t.
26
Let t = 31 + -29. Suppose 2*l = r + 40, -23 = r + t*l + 37. Let q = r - -120. Calculate the highest common factor of 10 and q.
10
Let d(u) = u**3 - 3*u**2 - 14*u + 32. Let b be d(3). Let s be (138/(-20) + b/(-25))*-6. What is the highest common factor of 65 and s?
13
Let p(v) = 6*v - 7*v - 5*v + v + 25. Let k be p(5). Suppose k*y + 244 = c + y, 3*y = -5*c + 1226. What is the greatest common factor of 13 and c?
13
Let m = 1306 - 1256. What is the highest common divisor of m and 1825?
25
Suppose 370*l = 412*l - 2982. What is the highest common divisor of l and 5893?
71
Let x(r) = -r**3 - 64*r**2 - 426*r - 115. Let j be x(-7). Let k = -4 + 6. Calculate the highest common divisor of k and j.
2
Let h = 56 + -51. Let l be 5/h + 4/(-2) + 0. Let b(j) = -100*j + 4. Let k be b(l). What is the highest common factor of k and 26?
26
Suppose 534*m - 532*m - 12 = 0. Let s be -99*((-15)/m - 2/4). Calculate the highest common factor of 132 and s.
33
Let o be 2*(-4)/(16/98). Let w be (-14*7/o)/((-2)/(-26)). What is the greatest common divisor of w and 299?
13
Let t = 43873 + -20769. What is the greatest common factor of t and 152?
152
Suppose 10 = 5*u, 2*f - 116 = -2*f - 4*u. Suppose 127*y - 318 = 121*y. Suppose 20 = -11*i + y. What is the greatest common divisor of i and f?
3
Suppose 28*s + 1295 = 16723. What is the greatest common divisor of s and 116?
29
Let n be (27 + -28)/(15/9)*-36990. What is the greatest common divisor of n and 274?
274
Suppose 0 = -19*b + 35*b - 896. Suppose -24*w = -20*w - 392. Calculate the highest common factor of b and w.
14
Suppose 2*b - 65 + 13 = 0. Let d be 206 - -14*1036/(-392). What is the highest common divisor of d and b?
13
Let n = 2398 + -2368. Calculate the highest common divisor of n and 1695.
15
Let a be 17 - 1/(2/2). Let x = 392 - 404. Let r be 686/(-49)*x/7. What is the highest common divisor of r and a?
8
Let g(u) = u**3 - 33*u**2 + 8*u - 120. Let t be g(33). Suppose 4*v + 2*b = 378, 3*v = b + 3*b + 300. Calculate the highest common factor of v and t.
48
Let x(w) = 274*w + 2. Let p be x(-6). Let a be p/(-10) - 1/5. Suppose 49*i - 82 = 47*i. Calculate the highest common divisor of a and i.
41
Let b(r) = 12*r**3 - 4*r**2 + r + 1. Let q be b(1). Suppose h - q*h + 207 = 0. Let i be 2 + 0 + 3*30. What is the greatest common factor of h and i?
23
Let w be 55 - 42/3 - (-10)/(-2). Calculate the highest common factor of w and 316.
4
Suppose 8*r - 20*r - 12 = 0. Let a be (5*6)/((0 - 2)*r). What is the greatest common divisor of a and 60?
15
Let k be (-31)/3 - 8/(-24). Let c be (22/k + 2)/(7/(-70)). What is the highest common divisor of 32 and c?
2
Let p be (-4178)/(-10) - 116/(-580) - 2. Let o(q) = q**3 - 2*q**2 + 2*q - 2. Let h be o(3). Calculate the greatest common factor of p and h.
13
Let k(z) = 3*z**3 - 6*z**2 + z - 2. Let g(q) = -q**3 + 31*q**2 + 33*q - 28. Let u be g(32). Let s be k(u). What is the highest common factor of 28 and s?
14
Let b = 4137 - 3549. Calculate the greatest common divisor of 108 and b.
12
Suppose 3 = 3*r - 2*r. Let l be -2*(-42)/12 - (-11 - -3). What is the greatest common divisor of l and r?
3
Let b(o) = -9*o + 222. Let j be b(21). Let n be (34 - -3) + (-1)/((-1)/(-4)). Calculate the highest common factor of j and n.
33
Suppose 3*d - 19 - 30 = -2*t, 0 = -3*t + 6. Let u(o) = -2*o + 31. Let k be u(d). Let n be 89 - ((k - 0)*2)/(-2). What is the highest common divisor of 54 and n?
18
Let a be 575/23*(-3 + 12). What is the greatest common factor of a and 325?
25
Let v = 1154 + -978. What is the highest common divisor of 1276 and v?
44
Suppose -2*a + 6*a - 2*j - 56 = 0, -7 = -a + 4*j. Calculate the highest common factor of a and 100.
5
Suppose 73*t - 4533 - 723 = 0. Calculate the highest common divisor of t and 540.
36
Suppose 3*z = 2*i + 5 - 21, 10 = 5*i. Let u be (-165)/(-3 + -2) - z. What is the highest common factor of 333 and u?
37
Let m(k) = -k - 18. Let v be m(-20). Suppose 5*j = -r + 2*r - 34, 0 = 3*r + v*j - 136. Calculate the highest common divisor of r and 4.
4
Suppose 6*f + 2*f + 40 = 0. Let s be (1*5/f)/(2/(-4)). What is the greatest common factor of s and 22?
2
Let b be (-36 - -36) + (26 - -1). Suppose -13*f = -10*f - b. What is the greatest common divisor of f and 9?
9
Suppose 17*l + 3*j = 18*l - 97, 5*j = l - 101. Suppose -118*q + 119*q - l = 0. Calculate the greatest common divisor of 26 and q.
13
Let u be 20/2*((-230)/(-20) - 11). What is the highest common divisor of u and 965?
5
Let i be 6244/21 + 3/(-9). Calculate the highest common divisor of 135 and i.
27
Let k(y) = 9*y**2 + 4*y + 2. Let x be k(-2). Let h = 397067 - 395507. What is the highest common divisor of h and x?
30
Suppose -21866 = -44*a + 35593 + 74453. What is the greatest common factor of 2 and a?
2
Suppose 3*z = -0 - 96. Let n = -1819 - -1870. Let w = n + z. What is the greatest common divisor of 152 and w?
19
Suppose -421*u + 4067 = -5268 - 7084. Calculate the highest common factor of 393 and u.
3
Suppose -2*m + 154 = -14*v + 11*v, 2*m - 182 = -4*v. What is the highest common divisor of 6474 and m?
83
Let r = -5330 - -6741. What is the highest common factor of r and 34?
17
Suppose 0 = -549*k + 418*k + 613080. What is the highest common factor of k and 4320?
360
Suppose 16 = 2*m + 2*m. Suppose -236 = -10*u - 96. Calculate the greatest common factor of m and u.
2
Let a(u) = -71*u**2 - 4*u - 5. Let m be a(-2). Let v = 365 + m. Let o be (0 - 28/